{"id":146,"date":"2023-10-05T18:35:07","date_gmt":"2023-10-05T18:35:07","guid":{"rendered":"https:\/\/freewebconcept.com\/fwc2021\/?page_id=146"},"modified":"2023-10-05T19:59:20","modified_gmt":"2023-10-05T19:59:20","slug":"lhebergement-web","status":"publish","type":"page","link":"https:\/\/freewebconcept.com\/fwc2021\/lhebergement-web\/","title":{"rendered":"L\u2019h\u00e9bergement web"},"content":{"rendered":"\n\n\nTout d\u2019abord, il est indispensable de d\u00e9terminer l\u2019usage que vous voulez faire de votre site avant de choisir le type d\u2019h\u00e9bergement adapter \u00e0 vos besoins. Il existe deux principaux types d&rsquo;h\u00e9bergement :&nbsp;<p><br><\/p><p>H\u00e9bergement mutualis\u00e9 : Plusieurs sites web partagent les m\u00eames ressources d&rsquo;une plateforme d&rsquo;h\u00e9bergement, ce qui est adapt\u00e9 par exemple aux blogs.<\/p><p><br><\/p><p>&nbsp;H\u00e9bergement d\u00e9di\u00e9 : Un serveur est r\u00e9serv\u00e9 \u00e0 un seul site, am\u00e9liorant la rapidit\u00e9 du site, ce qui est recommand\u00e9 pour les sites e-commerce.\nLe choix de l&rsquo;h\u00e9bergeur d\u00e9pend de plusieurs crit\u00e8res, notamment les besoins sp\u00e9cifiques du site, les \u00e9volutions futures envisag\u00e9es et l&rsquo;estimation du trafic pr\u00e9vu. Les agences web sont \u00e9galement une option, offrant une assistance compl\u00e8te depuis le choix du nom de domaine jusqu&rsquo;\u00e0 la mise en place de la plateforme. Elles garantissent une assistance r\u00e9active, la prise en charge des probl\u00e8mes techniques, ainsi que la fiabilit\u00e9, la s\u00e9curit\u00e9, la disponibilit\u00e9 et la flexibilit\u00e9 essentielles pour le succ\u00e8s d&rsquo;une activit\u00e9 en ligne.&nbsp;<\/p><p>Nous en tant qu&rsquo;agence nous offrons deux formule d&rsquo;h\u00e9bergements:&nbsp;<\/p><p><strong><br><\/strong><\/p><span style=\"color:#a10000;\"><p><strong>Plan mutualis\u00e9 standard:  Prix 250 TND HT&nbsp;<\/strong><\/p><div><\/div><\/span><div>Un Web Site&nbsp;<\/div><div>10 Go Hebergement&nbsp;<\/div><div>RAID-2 Storage&nbsp;<\/div><div>compte email illimit\u00e9<\/div><div>Gestion par Cpanel&nbsp;<\/div><div>Cores 2 x 3.7 ghz&nbsp;<\/div><div>Physical Memory 2 GB&nbsp;<\/div><div>PHP 5.3, 5.4, 5.5, 5.6, 7.0, 7.2 or 7.3 (Choose Your Version)&nbsp;<\/div><div>MySQL 5.6 Databases Illimit\u00e9&nbsp;<\/div><div>PostgreSQL 9.4&nbsp;<\/div><div>SSH Access &amp; Rsync&nbsp;<\/div><div>SSL Certificates Available&nbsp;<\/div><div>Free HTTPS w\/ Let\u2019s Encrypt SSL Protection<\/div><div><strong><br><\/strong><\/div><span style=\"color:#a10000;\"><div><strong>Plan Mutualis\u00e9 Pro:  Prix 350 TND HT&nbsp;<\/strong><\/div><div><\/div><\/span><div>Un Web Site&nbsp;<\/div><div>40 Go Hebergement&nbsp;<\/div><div>RAID-2 Storage&nbsp;<\/div><div>compte email illimit\u00e9&nbsp;<\/div><div>Gestion par Cpanel&nbsp;<\/div><div>Cores 4 x 3.7 ghz&nbsp;<\/div><div>Physical Memory 6 GB&nbsp;<\/div><div>PHP 5.3, 5.4, 5.5, 5.6, 7.0, 7.2, 7.3 or 8 (Choose Your Version)&nbsp;<\/div><div>MySQL 5.6 Databases Illimit\u00e9&nbsp;<\/div><div>PostgreSQL 9.4&nbsp;<\/div><div>SSH Access &amp; Rsync&nbsp;<\/div><div>SSL Certificates Available&nbsp;<\/div><div>Free HTTPS w\/ Let\u2019s Encrypt SSL Protection&nbsp;<\/div><span style=\"color:#e60000;\"><div><\/div><div><strong>24\/7\/365 Technical Support<\/strong><\/div><\/span><div><strong><\/strong><\/div>\n\n\n\n\n\n\n\n\n\n\n","protected":false},"excerpt":{"rendered":"","protected":false},"author":1,"featured_media":0,"parent":0,"menu_order":0,"comment_status":"closed","ping_status":"closed","template":"","meta":[],"_links":{"self":[{"href":"https:\/\/freewebconcept.com\/fwc2021\/wp-json\/wp\/v2\/pages\/146"}],"collection":[{"href":"https:\/\/freewebconcept.com\/fwc2021\/wp-json\/wp\/v2\/pages"}],"about":[{"href":"https:\/\/freewebconcept.com\/fwc2021\/wp-json\/wp\/v2\/types\/page"}],"author":[{"embeddable":true,"href":"https:\/\/freewebconcept.com\/fwc2021\/wp-json\/wp\/v2\/users\/1"}],"replies":[{"embeddable":true,"href":"https:\/\/freewebconcept.com\/fwc2021\/wp-json\/wp\/v2\/comments?post=146"}],"version-history":[{"count":7,"href":"https:\/\/freewebconcept.com\/fwc2021\/wp-json\/wp\/v2\/pages\/146\/revisions"}],"predecessor-version":[{"id":158,"href":"https:\/\/freewebconcept.com\/fwc2021\/wp-json\/wp\/v2\/pages\/146\/revisions\/158"}],"wp:attachment":[{"href":"https:\/\/freewebconcept.com\/fwc2021\/wp-json\/wp\/v2\/media?parent=146"}],"curies":[{"name":"wp","href":"https:\/\/api.w.org\/{rel}","templated":true}]}}